, 0 = w - 5*i + 25. Let p be w/(-1) + (3 - 4). Give h(p).
5
Let i(r) = 2*r - 2*r**3 - 9*r + r - 3 - 3*r**2 + 4*r. Give i(-2).
5
Suppose -4*j + 9 + 2 = 3*o, -2*j = 3*o - 13. Suppose -2*n + l = -2, 2*n - 3*l + 12 = o*n. Suppose -2*h - n = -h. Let r(v) = 4*v + 2. What is r(h)?
-6
Let x = -64 - -69. Let l = -7 - -16. Let n(o) = -4*o + o + l + 2*o. Calculate n(x).
4
Let r(n) = 4*n**3 + 2*n**2 - 2*n + 1. Suppose 1 = 8*s - 7. Determine r(s).
5
Let u(w) be the third derivative of -w**8/6720 + w**6/720 - w**5/120 - 3*w**4/8 - 7*w**2. Let c(m) be the second derivative of u(m). Determine c(-2).
5
Let p(i) = -i**3 + 6*i**2 - 6*i - 6. Let m be (8/(-8))/(2/(-6)). Let c(v) = v**2 - 3*v + 5. Let l be c(m). Determine p(l).
-11
Let q = -49 + 45. Let m(p) = -p**3 - 5*p**2 - 3*p - 6. Calculate m(q).
-10
Let n(b) = b - 4. Let w be (-1)/3 - (-68)/6. Let r = 7 - w. Give n(r).
-8
Let d(w) = -w**2 + 7*w - 5. Suppose 3*i = -9, -i - 5 = -3*l + 2*l. Suppose -3*v + f + 14 = 0, 4*f + 0*f = -l*v + 28. Calculate d(v).
1
Let i(l) be the second derivative of -7*l**3/6 - 3*l**2/2 + 3*l. Determine i(-2).
11
Let o = 0 + 4. Let m(i) = 2*i + 1 - 4*i - i + i**3 + i - o*i**2. What is m(4)?
-7
Let i(s) = 11*s - 7. Let m(h) = -5*h + 3. Let z(k) = 4*i(k) + 9*m(k). Calculate z(-6).
5
Let h(a) = a. Let c be h(3). Let y(l) = -l**2 - l + 2. Let g be y(-2). Let u(o) = g + c*o**2 + o**3 + o**2 - 7 - 5*o. Determine u(-5).
-7
Let m(u) = 3*u**3 + u**2 - u - 3. Let d(w) = 13*w**3 + 5*w**2 - 4*w - 11. Let h(r) = 2*d(r) - 9*m(r). Let z be h(0). Let a(y) = y**2 - 5*y - 6. What is a(z)?
-6
Let n = 10 - 7. Suppose n*l + 17 = 11. Let m(j) = -3*j**2 - 2*j - 2. Give m(l).
-10
Let n = -2 + 3. Let z(d) = 5*d - d**2 - n + d - d. Calculate z(3).
5
Let y(w) be the third derivative of w**6/360 + w**5/20 - 7*w**4/24 - 7*w**3/6 - 6*w**2. Let l(r) be the first derivative of y(r). Determine l(-6).
-7
Let z(v) = -v**3 - 4*v**2 + 3*v - 1. Suppose 2*g - 15 = -g. Suppose -35 = -g*f + 40. Let w be f/6*1*-2. Determine z(w).
9
Let r(u) = u - 5. Suppose 2*s = 5*j - 15, -3 = j - 2*j. Determine r(s).
-5
Let n(u) be the third derivative of -u**8/6720 - u**7/504 - u**6/240 - u**5/40 + u**4/3 + 5*u**2. Let b(m) be the second derivative of n(m). Calculate b(-4).
-7
Let n(x) = x**2 + 5*x + 7. Let t be n(-3). Suppose -3*l - 2*l = -3*r - 9, -r + 2*l = 4. Let s(d) = 0 - r*d + 3*d + 5 - t. Calculate s(4).
8
Let i(o) = -o**3 + 10*o + 13 + 10 - 9*o**2 + o**2 - 27. What is i(-9)?
-13
Suppose 3*z + 21 = 3*m, 2 = 2*z - 4*z - 2*m. Let w(h) be the first derivative of -h**3/3 - 3*h**2 - 6*h - 8. Determine w(z).
2
Let a(d) be the second derivative of 0 - 7*d + 1/20*d**5 - 1/6*d**4 - 5/2*d**2 - 2/3*d**3. Calculate a(4).
11
Let k(m) = m**2 - 10*m + 6. Let r(h) = -h**2 + 10*h - 6. Let j(p) = -4*k(p) - 5*r(p). Give j(8).
-10
Let o(k) = -k**2 + 6*k - 5. Let m = -18 - -7. Suppose -4*q - g = -65, 3*q + 4*g - 83 + 18 = 0. Let c = q + m. Calculate o(c).
3
Let b = 16 + -14. Let v(g) = g**3 - 3*g**2 + 2*g - 3. Determine v(b).
-3
Let z(g) = g - 5. Suppose -2*i = -5*k + 4*k - 26, 5*k = 3*i - 25. Suppose -i = -2*y - 5. Give z(y).
0
Suppose -2*p = 10 - 0. Let v(l) = -l**3 - 4*l**2 + 7*l + 1. Determine v(p).
-9
Let b(p) be the first derivative of p**3/3 + 3*p**2/2 - 4*p - 10. Let y be 4/(-6) - (-13)/(-3). Determine b(y).
6
Let y(m) be the first derivative of -m**2 + m - 74. Calculate y(-5).
11
Let o(y) = -6 + 3 + 1 - 2*y. Let f(m) = 3*m + 2. Let l be f(0). Let d be l/9 - 174/54. Give o(d).
4
Let u(h) be the third derivative of 1/8*h**4 + 0*h + 0 - h**2 - 3/2*h**3. Give u(6).
9
Let y(i) be the third derivative of i**6/45 - i**4/24 + i**3/3 + i**2. Let t(q) be the first derivative of y(q). Determine t(-1).
7
Let j be -8*(-1 + 2)/(-2). Suppose -j*x = -0*x. Let q(g) = -g**2 + 2. Give q(x).
2
Let y(g) = g**2 + 7*g + 1. Let j = -80 - -75. Calculate y(j).
-9
Let k(q) be the second derivative of 1/3*q**4 + 0 + 1/2*q**2 + 3*q - 1/3*q**3. What is k(1)?
3
Let g = 5 - 1. Suppose g*j + t + 4*t = -24, j + 5*t + 21 = 0. Let f(u) = -u + 3. Let o(m) = -4*m + 8. Let p(y) = -8*f(y) + 3*o(y). Calculate p(j).
4
Suppose -5*t = 4*q - 55, 5*t = 4*q + 33 + 22. Let s = 15 + -7. Let r = t - s. Let i(o) = -o**3 + o**2 + 4*o - 2. Determine i(r).
-8
Let i(y) = -5 - 3*y + 4 - 4 - 2. Calculate i(-5).
8
Suppose -3*j - o = -4, -4*j - 5*o - 12 = -5*j. Let f(v) = 8*v + 3 - 4*v - j*v. Suppose -3*t - 7 = 2. Give f(t).
-3
Let b(y) = 1. Let i(z) = -5*z - 5. Let g(u) = 5*b(u) + i(u). Suppose 0 = -q - 2 - 0. Calculate g(q).
10
Let l(v) = v + 12. Let n = -15 - -9. Determine l(n).
6
Suppose -r - 42 = 4*u - 3*r, -21 = 4*u + 5*r. Let a(q) = -12*q**3 + 1. Let s be a(-1). Let k = s + u. Let w(l) = -l + 9. Determine w(k).
5
Let i = -84 - -74. Let r(x) = x**3 + 10*x**2 + x + 5. Determine r(i).
-5
Let y(k) = 2*k**3 - k**2 + 2*k - 1. Let u(g) = 2*g**3 - g**2 + 3*g - 2. Let q(z) = 2*u(z) - 3*y(z). Let w be 0 - (0/(-2) + -1). Calculate q(w).
-2
Suppose 2*b + 6 = 4*w, 3*w = b + 2*w - 1. Let x(q) be the first derivative of -1/3*q**3 + 0*q - 4 + 3*q**2. Calculate x(b).
5
Let x(r) be the third derivative of -r**8/1120 + r**7/2520 - r**6/720 - r**5/120 + r**4/8 + r**2. Let c(m) be the second derivative of x(m). Calculate c(-1).
7
Let n(p) = -p**2 + 6*p + 14. Let c be n(7). Suppose -c*f + 12 = -4*f. Let h(u) be the second derivative of u**3/3 - u**2 + u. Determine h(f).
6
Let i(m) be the third derivative of m**6/120 + m**5/12 - m**4/6 - 10*m**2. Calculate i(-6).
-12
Let p(i) be the first derivative of -i**2/2 - 6*i + 16. Give p(-3).
-3
Let h be ((-2)/4)/(6/(-36)). Let y(b) = 0 - 4 + h + 12*b. Give y(1).
11
Let n(h) = -h**2 + 1. Let t(q) = q**2 + q - 1. Let x(m) = 3*n(m) + 2*t(m). Let v(f) = f - 4*f**2 + 3 + 2 + 20*f**3 - 7 - 19*f**3. Let b be v(4). What is x(b)?
1
Let w(d) = -d + 1. Let z(g) = -3*g + 10. Let u(y) = -2*w(y) + z(y). Let a(n) = n**2 + n - 11. Let x be a(-5). Let i = 15 - x. Determine u(i).
2
Let k(w) = w**2 - w + 1. Let z(n) = 2 + n**2 + 2*n**3 + 0*n**3 + 2*n + 4*n**2. Let l be 3/(4 + -1)*-1. Let h(c) = l*k(c) + z(c). What is h(-2)?
-5
Let u(h) = -h + 1. Let j(o) = -3*o. Let v(k) = -j(k) + 5*u(k). Let y(z) = -z**2 + 5*z + 4. Let p be y(5). Determine v(p).
-3
Suppose -5*b = 4*i + 19, 2*i - 4*b = -9*b - 17. Let v(a) = -4*a**2 + 1. What is v(i)?
-3
Let c(i) = -6*i**2 - 2*i + 1. Suppose 0 = -4*k - 4, -k - 4*k = q - 1. Suppose 2*w - 27 = -5*o, 5*o = 5*w + 26 - q. Calculate c(w).
-7
Let r(y) be the first derivative of -y**4/4 - y**3 + 3*y**2/2 - 3. Let a(z) = z**2 + 9*z + 4. Let u be a(-8). Calculate r(u).
4
Let z(b) be the third derivative of b**5/60 - 5*b**4/24 - 7*b**3/6 + 5*b**2. Let t be z(5). Let f(q) = q**2 + 7*q + 6. Determine f(t).
6
Let l(f) = f - 10. Let o = 0 + 2. Let z = 2 - o. Calculate l(z).
-10
Let r(j) be the third derivative of j**4/24 + 3*j**3/2 - 2*j**2. Let m be r(-8). Suppose 3*c - m = 4*c. Let w(t) = -8*t**3 - t**2. What is w(c)?
7
Let r(v) = -2*v**3 - 4*v**3 - 9*v**2 + 8*v**2 - 1 + 0*v**3 - 2*v. Calculate r(-1).
6
Let d(m) = m**2 + 10*m + 13. Let w(s) = -s**2 - s. Let v(b) = -d(b) - 2*w(b). Determine v(9).
-4
Let v(q) be the third derivative of q**5/60 + q**4/24 + 7*q**3/3 + 22*q**2. Determine v(0).
14
Let t = 5 + -3. Let b(g) = 14 - g**3 + 3*g**2 + t*g - 7 - 4. Determine b(4).
-5
Let r(w) be the first derivative of w**2/2 - 16. Let q = 3 - 3. Suppose q = 6*u - 2*u + 4. Calculate r(u).
-1
Let r be ((-30)/(-27))/((-32)/(-6)). Let v(t) be the third derivative of r*t**4 - 1/30*t**5 + 0*t - 2/3*t**3 + 2*t**2 + 0. Determine v(3).
-7
Let x(w) = -w**3 + 2*w**2 - 1. Suppose -8 = -0*f - 4*f. Calculate x(f).
-1
Let a(g) = g**2 - 4*g - 4. Let y = -6 - -12. What is a(y)?
8
Let w(c) = 13*c**3 - 29*c**2 + c + 28. Let g(v) = -3*v**3 + 7*v**2 - 7. Let n(f) = 9*g(f) + 2*w(f). Calculate n(5).
3
Let x(c) be the first derivative of -2*c**2 + 2 + 2*c + 1/3*c**3. Let q be x(3). Let u(y) = -7*y**2 + y. Determine u(q).
-8
Let g(l) = l - 1. Let z(v) = v**2 + 4*v - 32. Let s be z(-8). Calculate g(s).
-1
Let o(r) = 2*r + 4*r + 2 - 4*r + r. Suppose 0*c - 5*c + v + 15 = 0, 0 = -4*c + 4*v + 28. What is o(c)?
8
Let g(r) = 4*r**3 + r. Let m = -17 + 16. Determine g(m).
-5
Let k(n) be the first derivative of -1/24*n**4 - 2*n**2 + 1 + 2/3*n**3 + 0*n. Let c(d) be the second derivative of k(d). Calculate c(3).
1
Let